{"version":"1.0","provider_name":"Eibar Eskubaloia","provider_url":"https:\/\/www.eibareskubaloia.eus\/eu\/","author_name":"Eibar Eskubaloia","author_url":"https:\/\/www.eibareskubaloia.eus\/eu\/author\/eibareskubaloia\/","title":"Euskal Selekzioaren deialdiak - Eibar Eskubaloia","type":"rich","width":600,"height":338,"html":"<blockquote class=\"wp-embedded-content\" data-secret=\"KhJU5SijgH\"><a href=\"https:\/\/www.eibareskubaloia.eus\/eu\/euskal-selekzioaren-deialdiak\/\">Euskal Selekzioaren deialdiak<\/a><\/blockquote><iframe sandbox=\"allow-scripts\" security=\"restricted\" src=\"https:\/\/www.eibareskubaloia.eus\/eu\/euskal-selekzioaren-deialdiak\/embed\/#?secret=KhJU5SijgH\" width=\"600\" height=\"338\" title=\"&#8220;Euskal Selekzioaren deialdiak&#8221; &#8212; Eibar Eskubaloia\" data-secret=\"KhJU5SijgH\" frameborder=\"0\" marginwidth=\"0\" marginheight=\"0\" scrolling=\"no\" class=\"wp-embedded-content\"><\/iframe><script type=\"text\/javascript\">\n\/* <![CDATA[ *\/\n\/*! This file is auto-generated *\/\n!function(d,l){\"use strict\";l.querySelector&&d.addEventListener&&\"undefined\"!=typeof URL&&(d.wp=d.wp||{},d.wp.receiveEmbedMessage||(d.wp.receiveEmbedMessage=function(e){var t=e.data;if((t||t.secret||t.message||t.value)&&!\/[^a-zA-Z0-9]\/.test(t.secret)){for(var s,r,n,a=l.querySelectorAll('iframe[data-secret=\"'+t.secret+'\"]'),o=l.querySelectorAll('blockquote[data-secret=\"'+t.secret+'\"]'),c=new RegExp(\"^https?:$\",\"i\"),i=0;i<o.length;i++)o[i].style.display=\"none\";for(i=0;i<a.length;i++)s=a[i],e.source===s.contentWindow&&(s.removeAttribute(\"style\"),\"height\"===t.message?(1e3<(r=parseInt(t.value,10))?r=1e3:~~r<200&&(r=200),s.height=r):\"link\"===t.message&&(r=new URL(s.getAttribute(\"src\")),n=new URL(t.value),c.test(n.protocol))&&n.host===r.host&&l.activeElement===s&&(d.top.location.href=t.value))}},d.addEventListener(\"message\",d.wp.receiveEmbedMessage,!1),l.addEventListener(\"DOMContentLoaded\",function(){for(var e,t,s=l.querySelectorAll(\"iframe.wp-embedded-content\"),r=0;r<s.length;r++)(t=(e=s[r]).getAttribute(\"data-secret\"))||(t=Math.random().toString(36).substring(2,12),e.src+=\"#?secret=\"+t,e.setAttribute(\"data-secret\",t)),e.contentWindow.postMessage({message:\"ready\",secret:t},\"*\")},!1)))}(window,document);\n\/\/# sourceURL=https:\/\/www.eibareskubaloia.eus\/wp-includes\/js\/wp-embed.min.js\n\/* ]]> *\/\n<\/script>\n","description":"#deialdia #convocatoria \u00a0 ?Estos son los jugadores convocados por la Selecci\u00f3n de Euskadi \u00a0 ?Hauek dira Euskal Selekzioaren deialdian sartu diren jokalariak \u00a0 ?ANDONI YARZA Somos Eskubaloia ?JOKIN AJA Juvenil Tekniker ?MARKEL VALENCIANO Cadete Tekniker ?LEIRE TREVI\u00d1O Cadete Grupo Mecalbe ?LUC\u00cdA GUTI\u00c9RREZ Cadete Grupo Mecalbe ?BERNART ABAD Infantil Hierros Servando \u00a0 #EuskalSelekzioa","thumbnail_url":"https:\/\/www.eibareskubaloia.eus\/wp-content\/uploads\/2019\/10\/convocatoria-1-300x300.jpg"}

#deialdia #convocatoria   ?Estos son los jugadores convocados por la Selección de Euskadi   ?Hauek dira Euskal Selekzioaren deialdian sartu diren jokalariak   ?ANDONI YARZA Somos Eskubaloia ?JOKIN AJA Juvenil Tekniker ?MARKEL VALENCIANO Cadete Tekniker ?LEIRE TREVIÑO Cadete Grupo Mecalbe ?LUCÍA GUTIÉRREZ Cadete Grupo Mecalbe ?BERNART ABAD Infantil Hierros Servando   #EuskalSelekzioa
